6
Suppose 3*s = -6*s + 45. Suppose -3*o = 5*n - 48, s*n + 0*n + 64 = 4*o. Calculate the highest common factor of o and 4.
4
Suppose -322*q - 640 = -330*q. What is the highest common divisor of q and 160?
80
Let x = 138 + -121. Let w(j) = 2*j**2 - 6*j + 4. Let k be w(4). Let v = k - -22. Calculate the greatest common divisor of x and v.
17
Suppose -10*a + 72 = -a. Calculate the highest common factor of 856 and a.
8
Suppose 4*f - 340 = -2*p, -5*p - 100 - 7 = -f. What is the highest common divisor of 116 and f?
29
Suppose -1098*j - 2912 = -1124*j. Suppose 5*v - 3*w - 86 = 0, v + 5*w = -0*v + 6. What is the highest common divisor of j and v?
16
Suppose 4*h + 2 = 22. Suppose 2*r - h*z + 11 - 71 = 0, 2*r + 4*z = 60. What is the highest common divisor of r and 15?
15
Let h = 1388 - 1332. What is the greatest common divisor of 63 and h?
7
Let t(m) = 3*m + 180. Let p be t(-18). What is the greatest common factor of 210 and p?
42
Let s be 38*44/24*9/3. Calculate the highest common factor of s and 11.
11
Let w be 4/(-14) - (-740)/35*2. Suppose 0 = c - 2, -x + 3*x - 2*c - 206 = 0. Calculate the greatest common divisor of w and x.
21
Suppose 2*y + 0*y = 6. Suppose y*c - 9 = -3. Let b = 380 - 364. Calculate the greatest common divisor of b and c.
2
Let k = 798 + -448. Calculate the highest common factor of k and 100.
50
Let s(j) = j**2 + 22*j + 227. Let k be s(-9). Calculate the highest common divisor of 100 and k.
10
Suppose -168 = 3*u - 4*u. Calculate the greatest common factor of u and 126.
42
Let t be (36*12/(-90) + 4)*-10. What is the highest common factor of 296 and t?
8
Let j = 61 - 100. Let l = 132 - j. What is the greatest common factor of l and 9?
9
Let i = 1679 + -1625. Calculate the greatest common divisor of 243 and i.
27
Let b(c) = c**2 + 3*c + 16. Let q be b(-9). Suppose -2*l = 3*z - q, 6*l - l - 10 = 0. What is the highest common divisor of z and 22?
22
Let n be (-409 - (-6 - 8))*(-9)/5. What is the highest common factor of n and 79?
79
Let s(f) be the second derivative of -f**4/12 - f**3/6 - f. Let c be s(-1). Suppose c*j = -4*j + 96. Calculate the greatest common divisor of j and 6.
6
Let v(g) = 2*g**3 - 17*g**2 - 25*g + 5. Let r be v(10). Suppose 16 = 5*h - 9. What is the highest common divisor of h and r?
5
Let v(i) = -219*i**2 - 266*i + 1. Let h be v(-1). Suppose 0 = -6*d + 3*d + 36. Calculate the highest common factor of d and h.
12
Suppose 19*m = 25*m - 6642. What is the highest common factor of m and 27?
27
Let c(d) = 3*d**3 + 3*d**2 - 3*d - 9. Let g be c(-5). Let m = -166 - g. Calculate the highest common factor of m and 16.
16
Let d(i) = i**3 + 9*i**2 - 2*i - 27. Let h be d(-9). Let r = 0 + -2. Let g = r - h. Calculate the highest common factor of 49 and g.
7
Let l be 11 + (-188)/16 - 966/(-8). Calculate the greatest common factor of 18 and l.
6
Suppose 0 = -13*c + 1545 + 639. What is the highest common factor of c and 24?
24
Let o be 12/4*(0 + 1). Suppose -14 + o = -s. Suppose -4*t + 62 = -114. What is the highest common factor of s and t?
11
Suppose -2*b + 23 = 5. Let z = -305 - -314. What is the greatest common factor of z and b?
9
Let s = 226 - 206. What is the greatest common factor of s and 90?
10
Suppose 140*j = 132*j + 360. Let l(g) = g**3 + 2*g - 1. Let i be l(1). Let z be -6*(-1)/(i/3). What is the greatest common divisor of z and j?
9
Let z(a) = 15*a. Suppose 5*s + 6 = t, -6*t + 2*t = -2*s - 24. Let l be z(t). What is the highest common factor of l and 10?
10
Let u(m) = m**2 + 6*m + 8. Let a be u(-6). Suppose 97 = 4*b - 3. Let t be (-18 - -2)*b/(-20). Calculate the greatest common divisor of t and a.
4
Let m be 19 - 14 - ((-495)/(-3))/(-3). What is the greatest common divisor of m and 270?
30
Let x = 11 + -6. Suppose -29 = -2*p - x*k, 3*p + 33 = 5*p + k. What is the highest common divisor of 34 and p?
17
Suppose 0 = -f + 2*f + 8. Let q = f + 48. Let s(x) = 207*x - 4342. Let k be s(21). Calculate the greatest common divisor of k and q.
5
Let x(j) = 4*j**2 + j - 127. Let z be x(6). Suppose -m + 0*r = 3*r - 55, 4*m = -2*r + 190. Calculate the highest common factor of m and z.
23
Suppose 0 = 39*t - 669 - 579. Let g = -82 - -162. Calculate the highest common divisor of t and g.
16
Let n be (-2)/(-6)*(68 + -11). Let t = n - 16. Calculate the greatest common divisor of 33 and t.
3
Let o be (-4)/5 - (-268)/10. Let t = o + 8. What is the greatest common factor of 85 and t?
17
Let s = 0 + 4. Suppose -m + 75 - 74 = 0. Let y be 7 - (m/1 - 0). What is the highest common divisor of y and s?
2
Let k be (-58 - 8)/((-15)/40). What is the greatest common divisor of k and 11?
11
Let b(f) be the third derivative of 19*f**4/24 - 5*f**3/2 + 12*f**2. Let r be b(-11). Let o be (-10)/55 - r/22. What is the highest common divisor of o and 110?
10
Let p(x) = -2*x - 3. Let u be p(-3). Suppose 0 = 2*i - u*i + 2. Suppose -3*l - i*l - t = -11, -2*l + 2 = -2*t. Calculate the greatest common factor of 22 and l.
2
Suppose 5*n + 5*g = g + 5, 2*g = -n - 5. Suppose -5*c = 4*p - 778, -c - n*p + 318 = c. What is the highest common divisor of c and 22?
22
Let l(s) = 7*s**2 + 5*s + 2. Let d be ((-8)/12)/((-10)/(-45)). Let j be l(d). Calculate the greatest common factor of j and 5.
5
Suppose 7*b = 6*b. Let m(w) = -7*w + 72. Let c be m(b). Let h be 3/(1*6/16). What is the highest common factor of h and c?
8
Let k(d) be the second derivative of d**5/10 - d**4/6 - d**3/6 + d**2 - 5*d. Let t be k(2). Calculate the greatest common factor of 88 and t.
8
Suppose 176 = -2*t + 4*t. Let c = 1967 - 1956. Calculate the highest common divisor of c and t.
11
Let x = 225 - 203. Calculate the greatest common factor of x and 242.
22
Let y = 49 - 59. Let i(h) = 2*h**2 + 15*h + 30. Let o be i(y). What is the highest common factor of o and 10?
10
Let f = -72 + 149. What is the highest common divisor of 14 and f?
7
Let l be -3 + 2/(-2) + (517 - 16). Calculate the greatest common divisor of 71 and l.
71
Let g = 4 - -3. Suppose 0 = g*u - 3*u - 20. Suppose 163 - 38 = u*f. Calculate the greatest common divisor of 225 and f.
25
Let z be (-57)/95 - (1566/(-10) - 0). What is the highest common factor of 60 and z?
12
Let l(y) = -y**2 - 17*y. Let a be l(-12). Let r be (1 - -4)/(a/72). Let j be 1*(-8)/r*-3. Calculate the greatest common divisor of 1 and j.
1
Let o = 18 - 12. Suppose -o*d + 53 = -31. Calculate the greatest common factor of 42 and d.
14
Suppose -1888 = 33*s - 5980. What is the highest common divisor of s and 93?
31
Let q = 265 + -56. Calculate the greatest common factor of q and 19.
19
Suppose -4*u = 3*k - 2155, 2*u = 5*k - 3090 - 493. What is the highest common divisor of k and 3?
3
Suppose -62*q = -52*q - 2640. Calculate the greatest common divisor of q and 110.
22
Suppose 3*i = 4*i - 11. Let t be -2 - 140/(-77) - (-134)/i. Let d(k) = -7*k - 2. Let p be d(-2). Calculate the highest common divisor of t and p.
12
Let d be ((-1856)/(-128))/((-2)/(-36)). Calculate the highest common factor of d and 609.
87
Let l = 8 - -94. What is the highest common divisor of 136 and l?
34
Let y = -293 + 304. Let z be ((-12)/8)/((-2)/8). Let c be (-42)/(-4) + 3/z. What is the greatest common factor of c and y?
11
Let q(f) = 35*f - 4. Let h(d) = d - 1. Let j(g) = -3*h(g) - q(g). Let a be j(-14). What is the highest common divisor of a and 49?
49
Let k be (5 - (-47)/(-9)) + 2632/18. Let s = 172 - k. Calculate the highest common factor of 104 and s.
26
Let w be (-3 - (-58)/18) + (-28152)/(-162). Calculate the highest common divisor of w and 6.
6
Let q(g) = g**3 + 7*g**2 - 7*g + 11. Let z = 18 - 26. Let t be q(z). Calculate the highest common factor of t and 6.
3
Let i = -291 + 529. What is the greatest common divisor of i and 68?
34
Suppose -3*k + g + 249 = 0, k - g - 101 = -20. Calculate the highest common divisor of k and 1512.
84
Suppose 21*k = 396 + 129. What is the highest common divisor of 10 and k?
5
Suppose 45 = -9*s + 10*s. Suppose s = -b + 2*b. What is the greatest common divisor of b and 30?
15
Let y(g) = -g**3 - 9*g**2 - 4*g + 4. Let m be y(-9). Calculate the greatest common factor of 360 and m.
40
Suppose 3*s + 5*o = 1168, 1296 = 4*s - o - 292. What is the greatest common factor of 660 and s?
132
Let x(i) = -6*i**3 + 3*i + 2. Let g be x(-2). Suppose -11*w - 12*w = -11*w. Suppose 4